k**2 + k + 1. Let h(l) = -13*l**2 - 13*l - 16. Let m(y) = u*h(y) + 6*s(y). Give m(-4).
2
Let z(v) = -3*v**3 - 3*v**2 + 10*v + 9. Let i(x) = -2*x**3 - 5*x**2 - x. Let a(j) = 2*i(j) - z(j). Determine a(-5).
1
Let n be (-441)/72 - 4/(-32). Let j(x) = -x**2 - 2*x - 13. Calculate j(n).
-37
Suppose 0 = 365*y + 109*y - 3318. Let s(a) = a**3 - 7*a**2 + 4*a + 9. Calculate s(y).
37
Let l(b) = -b**2 + 18*b - 31. Let o(s) = 6*s**2 - 57*s + 43. Let j be o(9). What is l(j)?
1
Let t(k) be the second derivative of k**4/12 - 2*k**3/3 + 3*k**2/2 - 1214*k. Suppose u = -3 + 8. What is t(u)?
8
Suppose -6*b - a = -b + 12, -4*a - 8 = 0. Let h(c) be the second derivative of c**5/10 + c**4/6 - c**3/6 - 124*c. What is h(b)?
-6
Suppose -15 = 4*g - 63. Let x(w) = 5*w**2 - 4*w**2 + 16*w - 29*w + g*w. Give x(-4).
20
Let w(b) = -2*b**2 - 7*b + 1. Suppose -45*z - 306 = -79*z. Suppose z*n + 140 = 86. Give w(n).
-29
Let f(c) = -3*c**2 + 25*c + 15. Let b be f(7). Suppose -27*a - 82 = -5*o - 23*a, -2*o + 5*a = -b. Let x(j) = -j**3 + 14*j**2 - 1. Determine x(o).
-1
Let h(t) = -t**2 - 6*t - 6. Let m be (1548/860)/(3/(-5)). What is h(m)?
3
Let t(p) be the second derivative of p**5/20 + p**4/3 + p**3/6 - 17*p**2 - 6275*p. Calculate t(0).
-34
Let r = 7 + -2. Let t(h) = 2*h**3 - 80*h**2 - 2*h + 82. Let u be t(40). Let w(c) = r*c - 3*c - 12 - c - u. Calculate w(7).
-7
Let k(s) = 4*s - 1. Suppose 24 = -83*v + 79*v. Let l be (3 + -12)*(-2)/v. Give k(l).
-13
Suppose 15*r - 4 - 26 = 0. Let o(q) = 2*q**2 - 3*q**r + 0*q - 3*q - 2*q**3 + 4 - 2*q**3 + 6*q**3. What is o(0)?
4
Let p(d) be the second derivative of d**5/20 - d**4/12 + 2*d**3/3 + d**2 - 4134*d. Determine p(3).
32
Let z(o) = o**3 - 43*o**2 + 81*o + 30. Suppose 83*d = -12*d + 3895. What is z(d)?
-11
Let d = 488 + -483. Suppose 273 = -d*u + 268. Let p(j) = -2*j**2 + j + 2. What is p(u)?
-1
Let i(x) = -8*x**3 + 19*x**2 + 8*x - 105. Let w(r) = 3*r**3 - 5*r**2 - 3*r + 35. Let t(u) = -4*i(u) - 11*w(u). Determine t(-21).
14
Let m be 2/(-5)*-4*5. Let o(a) = -8 + 0 + m*a**2 - 2 - a**3 + 10*a. Let i = -1894 - -1903. Give o(i).
-1
Let v(d) = d**3 - 15*d**2 - 15*d - 11. Suppose -2*c - 5*l = 18, -3*c - 20 = -c + 4*l. Let b be 9/(441/(-14)) + (-228)/c. Calculate v(b).
5
Let k(w) be the first derivative of -w**5/120 + w**4/6 - 40*w**3/3 - w + 112. Let c(t) be the third derivative of k(t). Determine c(0).
4
Let d(c) be the second derivative of -21*c + 1/6*c**3 + 0 + 3/2*c**2. Let g be -1*2/(-6)*0. Give d(g).
3
Let h(f) = -f**2 - 3*f - 6. Let j = -158 + 158. Let t be h(j). Let g(z) = -z**3 - 6*z**2 - 2*z + 5. Determine g(t).
17
Let m(i) be the second derivative of 5*i**3/6 + 7*i**2/2 + i. Let t be m(-1). Let f(c) = -3*c + t*c + 7 + 0*c - 5. What is f(-3)?
5
Let a(i) = -7*i**3 + 33*i**2 + 6*i + 19. Let x(g) = g**3 - 2*g**2 - g - 1. Let v(h) = -a(h) - 6*x(h). Calculate v(21).
-13
Let z(t) = -t + 16. Let x(f) = f**2 - 3*f + 3. Let y be x(3). Suppose 0 = 4*k + 3*a - 25, y*k = 4*a + 1 + 49. What is z(k)?
6
Suppose 5*k + 330 - 280 = -5*b, -2*b - 11 = -k. Let x(w) = -14*w - 13. What is x(k)?
29
Let u(z) = 3*z + 1. Let t(k) = -5*k - 11. Let r(q) = -q - 2. Let f(h) = -11*r(h) + 2*t(h). Suppose o = -6 - 1. Let i(s) = o*f(s) + 4*u(s). What is i(-3)?
-11
Let n = 190 + -190. Suppose -3*b - 21 = -n*b. Let w(x) = 4*x + 10. Let u(z) = -4*z - 11. Let p(m) = 5*u(m) + 6*w(m). Give p(b).
-23
Let d(z) = -z**3 + 5*z**2 + 3*z. Let o = -27900 + 27906. Give d(o).
-18
Let y(t) = -3*t + 3. Let v(i) = 6*i - 8. Let s(q) = -v(q) - y(q). Determine s(6).
-13
Suppose 1469*l = 1391*l - 2574. Let k(o) = -o**2 - 28*o + 145. What is k(l)?
-20
Let l = -713 + 720. Let c(x) = -4 - x + 5*x**3 - 9*x**2 + 16 - l - 4*x**3. Give c(9).
-4
Suppose 6*u + 28 = 10*u + 3*k, -5*u = -2*k - 12. Suppose 32*h = 188 + u. Let z(j) = -j**2 + 8*j + 1. Calculate z(h).
13
Let c(f) = -f**3 + 5*f**2 + 2*f - 5. Suppose 4*p = -2*d - 128, 3*p + 0*d - 2*d + 89 = 0. Let z = 51 + p. Let h be (-15)/25 + 112/z. Calculate c(h).
5
Let x(v) = v + 1. Suppose 5*m - a = 230, -4*m + a + 195 = -2*a. Let t = m + -36. Suppose t*h + 7*h + 96 = 0. Determine x(h).
-5
Suppose 7*i - 61 = 79. Let l be 2/(-10) - (-84)/i. Let s(v) = 5*v - 1. Give s(l).
19
Let w(m) be the second derivative of -m**3/3 + 3*m**2/2 + 22698*m. Suppose -15 = -2*j - j. Give w(j).
-7
Let x = 920 - 1688. Let g = x - -775. Let t(y) = -5*y**2 - 2 - 6*y**2 + 2*y + y**3 + 4*y**2. Calculate t(g).
12
Let f(h) be the third derivative of -5*h**4/12 + h**3/3 + 7*h**2. Let m be f(-6). Let i(z) = z + 35 + 28 - m + z**3 - z**2. What is i(2)?
7
Let c(w) = 28*w + 33. Let b be c(12). Let m = b + 74. Let r(j) = m - 7*j - 443. Calculate r(-1).
7
Let x(l) = 3*l**2 - 6*l - 4. Suppose 2*y - 4*p = 6 - 0, 0 = 5*p - 10. What is x(y)?
101
Let x(s) = 3*s - 25. Let g = -6586 - -6592. Calculate x(g).
-7
Let a(j) = 145*j + 1242 - 127*j - 1230 + j**2. What is a(-16)?
-20
Let n(o) = -10*o**2 + 2*o - 1. Suppose 5*c - 4*g + 379 + 480 = 0, 0 = 4*g + 16. Let q = 176 + c. Determine n(q).
-9
Let x = -202 + 207. Let k(s) = -1 + 83*s**2 - 84*s**2 + s - x*s. What is k(-5)?
-6
Let a(x) = 3*x - 4*x - x + 1. Suppose -5*s + 70 + 408 = g, 0 = -2*s. Suppose -g*b - 6 = -472*b. Calculate a(b).
3
Suppose 0 = -2*j + 6*j - 20. Let o(q) = 88*q**2 - 96*q**2 + 4 - 3*q - 2*q. Let v(n) = n**2 + n - 1. Let y(d) = j*v(d) + o(d). Give y(-1).
-4
Let k(v) = 252 + 253 + 52*v - 215 + 7*v. Calculate k(-5).
-5
Let g = 14 - 16. Let z be (-98)/(-21) + 20/(-12). Let c = g - z. Let t(r) = -r**3 - 5*r**2 - 2*r - 4. Determine t(c).
6
Suppose 0 = -r - 2*r - 4*w + 38, 2*r - 3*w - 14 = 0. Let l(m) = -10 + 4*m - m**2 + r. Let d = 6414 - 6409. Give l(d).
-5
Let x(u) = -14*u - 1. Let w(b) = 2*b + 9. Let f(m) = 4*w(m) - x(m). What is f(-2)?
-7
Let d = 11 + 4. Suppose 2*j - 5*u - 32 - 1 = 0, d = -3*u. Suppose 3*w = -j*v - 1, -6*w = -5*v - 5*w - 25. Let c(k) = k**2 - k - 5. Determine c(v).
15
Suppose -4*w + 5*v - 9*v - 72 = 0, -5*w - 2*v - 84 = 0. Let p(s) = -s**3 - 17*s**2 - 21*s - 1. Give p(w).
79
Let i(z) = z + 1. Let r(y) = 9*y + 5. Let c(n) = -4*i(n) + r(n). Suppose 2*j + 0*h = h + 40, 60 = 3*j - 3*h. Let p = 19 - j. What is c(p)?
-4
Suppose 3*b = 4*l + 17, -4*b + 6 = -0*b + 3*l. Let p(c) = 4*c**2 + 4*c**2 - b*c + 7*c - 9*c**2. Calculate p(5).
-5
Let d be 4/(-8) + 84/8. Let t(n) = -4 + 3*n**3 + n**2 - d + 7 - 3*n + 4. Determine t(-2).
-17
Let b(m) be the third derivative of -m**5/30 + m**4/24 + m**3/3 - 2*m**2 + 671*m. Calculate b(3).
-13
Let b = 21 + -32. Let q(u) = -2 - 1303*u**2 + 5*u + 639*u**2 - 6 - 17*u + 663*u**2. Give q(b).
3
Suppose 42 = -5*x - 23. Let w(l) be the first derivative of l**2/2 + 7*l + 197. Determine w(x).
-6
Let m(p) = 20*p**3 - 5*p**3 - 6*p + 2*p - 3 - 14*p**3 + 3*p**2. Suppose -11*w + 22*w = -44. Give m(w).
-3
Let k be 72/(-28)*(-70)/15. Let z(f) = -f - 7. Calculate z(k).
-19
Let p(t) be the third derivative of -35*t**4/24 - t**3/2 - 737*t**2 + 2. What is p(-1)?
32
Let x(l) = 3*l - 18. Let o(z) = -7*z + 49. Let h(p) = -4*o(p) - 11*x(p). Give h(0).
2
Let v(g) be the first derivative of 11*g**2/2 + 49*g - 5427. Determine v(-3).
16
Let f(b) = -b - 3. Let z(k) = -1. Let g(p) = 4*f(p) - 14*z(p). Let m(y) = 2*y**3 - 21*y**2 + 30*y - 23. Let w be m(9). What is g(w)?
-14
Suppose 0*v + 2*v - 2*w = 2, 3*v + 2*w + 22 = 0. Let y(s) be the third derivative of -s**4/24 + s**3/3 - 6*s**2 + 82. Calculate y(v).
6
Let y(c) be the first derivative of 2*c**2 + 15602. Suppose 5*j - 20 = j. Suppose w = -j*o + 7 + 2, 0 = -4*w + 16. What is y(o)?
4
Let t(f) = -f**3 - 8*f**2 - 8*f - 5. Suppose -k + 419 = -6*n + 2*n, -3*k = -2*n - 1277. Let l = k + -434. Give t(l).
2
Let c(i) = -11*i + 8. Let m(a) be the third derivative of a**4/12 + 18*a**2 + 3*a. Let v(u) = -c(u) - 5*m(u). Give v(12).
4
Let m(o) be the second derivative of 1/120*o**6 + 1/3*o**3 - 1/8*o**4 - 12*o + 0 - 19*o**2 - 1/15*o**5. Let w(v) be the first derivative of m(v). What is w(5)?
12
Let a(x) = x**3 + 6*x**2 + 5*x + 2. Let z be a(-5). Suppose z*i + 4*i = 30. Suppose i*n + n = 24. Let v(l) = -l + 4. What is v(n)?
0
Let l(z) = -z**3 - 9*z**2 + 69*z - 12. Let a be l(-14). Let o(n) = 5*n + 9. Calculate o(a).
19
Suppose 5*p - 8 = 12. Let g(r) = 5*r + 175. Let k be g(-34). Let y(l) = -2*l - 7. Let v(q) = 2*q + 10. Let s(i) = k*y(i) + 4*v(i). What is s(p)?
-3
Let x(d) be the